 the prime factors of (-1 - 6)*s/(-14).
2, 3
What are the prime factors of 317/7 - 16/56?
3, 5
Let k(l) = l**3 - 7*l**2 + 4*l - 4. Let u be k(7). Suppose 0*f - d = 5*f - u, 2*d = 8. What are the prime factors of f?
2
Let n(c) = c**2 - 3 - 5*c - 2*c**2 + 2. Let p(y) = -y**3 + 6*y**2 + 6*y + 3. Let l be p(7). What are the prime factors of n(l)?
3
Let b(v) be the third derivative of -v**6/120 - 2*v**5/15 - v**4/24 + 11*v**3/6 - 9*v**2. What are the prime factors of b(-8)?
19
Let o(p) = 9*p**2. What are the prime factors of o(-2)?
2, 3
Let g(k) = 0 + 6 + 2 + 4 - k. Suppose 54 = 5*f - 2*a, 0*a + 5*a + 30 = 2*f. List the prime factors of g(f).
2
Let b(g) = 5 + 0*g + 4 + 3 + g. What are the prime factors of b(10)?
2, 11
What are the prime factors of (36/(-16) - 1)*-4?
13
Let f(l) = 3*l - 5. Let h be f(2). What are the prime factors of (h + 0)/((-1)/(-33))?
3, 11
Let j(u) = -1 + u**3 - 2 + 2 - u - 3*u**2. Let p be j(4). What are the prime factors of 3*(0 + p/3)?
11
Let j = -3 + 6. Suppose -240 = -l - j*l. Suppose l = 5*z - 30. What are the prime factors of z?
2, 3
Suppose 2*v + 50 = 4*c + 3*v, -26 = -3*c + 5*v. List the prime factors of c.
2, 3
Suppose 3*t - 23 = -5*k, 3*t - 8*t = 4*k - 60. What are the prime factors of t?
2
Let j = 2 + 30. Let w = -18 + j. What are the prime factors of w?
2, 7
Let f = 1 + 3. Suppose 4*b - 94 - 54 = 3*z, 24 = b - f*z. Suppose b = 5*o + 2*a, -o + 3*a + 24 = 2*o. What are the prime factors of o?
2
Let g(s) = s**2 - 4*s + 4. Let n = 11 + -7. What are the prime factors of g(n)?
2
Suppose 0 = 5*i - 5*x - 510, 234 = 3*i + 5*x - 64. What are the prime factors of i?
101
Let i = 78 - 45. What are the prime factors of i?
3, 11
Let c(s) = -12*s**2 + s. Suppose 2 = 3*n - 1. Let l be c(n). Let d = 29 + l. List the prime factors of d.
2, 3
Let f be 4/(-8) + 62/(-4). Let a = f + 28. List the prime factors of a.
2, 3
Let x(l) = l**2 + 2. Suppose 5*d - 13 = -5*y + y, 2*y = -d - 1. Let h be x(d). Let g = -9 + h. What are the prime factors of g?
2, 3
Let y(d) = 2*d**2 - 3 - 11*d - 3*d**2 - 4. What are the prime factors of y(-10)?
3
Let f(x) = -16*x**3 - x**2. Let o be f(2). List the prime factors of -1 - (0 - o/(-4)).
2
Suppose 0 = 6*j - j + 3170. Let x be (-2)/(-7) + j/14. List the prime factors of x/(-10) - 2/4.
2
Let x be (-9)/(-6)*68/6. Suppose -x = -d - 8. What are the prime factors of d?
3
Let v be 0 + -3 - (-3 + 2). Let z = v - -2. Let p(g) = g**2 - g + 14. List the prime factors of p(z).
2, 7
Let c(d) = d**3 - 4*d + 3. Let i be c(2). Suppose 48 - 12 = 4*x. Suppose i = u - x. What are the prime factors of u?
2, 3
Let l be ((-20)/(-6))/(1/6). Suppose 0 = -2*k - 3*k + l. Suppose -4*i - 5*q - 14 = -7*i, k*i = -5*q + 7. What are the prime factors of i?
3
Suppose -2*w = -3*w - 6. Let z = w + 13. List the prime factors of z.
7
Let l(p) = -2*p - 5. Let z be l(-4). Suppose -q + 30 = 5*o, -q + o - z*o = -24. Suppose -3*c + q = c. What are the prime factors of c?
5
Suppose 0 = -6*r + 2*r + 268. Suppose 3*q = 2*n - r, 4*n - 156 = -n - 4*q. List the prime factors of n.
2
Let k(m) = m**2 - 3*m - 2. Let l = -3 - -1. Let o be k(l). Suppose o + 6 = 2*j. What are the prime factors of j?
7
Let j = -54 + 72. List the prime factors of j.
2, 3
Let m(y) = y**2 - y + 75. Let t be m(0). Suppose -6*h + t = -h. List the prime factors of h.
3, 5
Suppose -6 = 3*q - 5*q. List the prime factors of q.
3
Let g be (-21 + 3)/1 - -1. Let w = g - -37. List the prime factors of w.
2, 5
Let t = 13 - 11. Suppose -t*o - 2*o - 52 = 0. What are the prime factors of o/(-3) - 12/(-18)?
5
Suppose 5*w - 4*d = 225, 3*d + d = 0. Suppose 2*v = 5*v - w. What are the prime factors of v?
3, 5
Let u be ((-12)/(-30))/(2/10). Suppose 0 = u*b - 2 - 30. What are the prime factors of b?
2
Let x be (-27)/(-6) - (-1)/(-2). Suppose -x*b - c + 83 = -4*c, 3*b + 4*c = 56. List the prime factors of b.
2, 5
Let t = -23 - -206. Suppose m - t = 99. List the prime factors of 14/77 + m/22.
13
Let t(a) = -a - 5. Let p be t(-5). Suppose 2*u = -p*u - 8, -94 = -3*v + 4*u. Suppose 3*l - 42 = 3*s, -2*s + 10 = -l + v. What are the prime factors of l?
2, 3
Suppose 10 = 3*w + 1. Suppose -36 = -w*m - 12. List the prime factors of m.
2
Let p = -7 - -27. Let c = p + -10. What are the prime factors of c?
2, 5
Suppose -3*p + 6 = -6. Suppose 0 = r - 3*d - 5, 4*d - 20 = -p*r. What are the prime factors of r?
5
Let o = 1 - 1. Suppose 4*v + v - 85 = o. List the prime factors of v.
17
Suppose -596 = -4*h - 4*c, -c + 2 + 0 = 0. List the prime factors of h.
3, 7
Let s(k) = k + 6. Let h be s(-8). Let b be (-2)/(-3) - (-8)/6. What are the prime factors of (b + 2 - -1) + h?
3
Suppose -2*j - 10 = 2*t, -j = -5*t - 1 + 6. Suppose 0 = 4*m - 12 - t. Let k = 4 + m. What are the prime factors of k?
7
Let h be 0/(-2) - (-92)/(-2). Let o = -26 - h. List the prime factors of o.
2, 5
Let h = 75 - 5. Suppose -5*c = a - h, 3*c = -2*a - 6 + 55. What are the prime factors of c?
13
Let s(i) = -i**2 - 11*i - 6. What are the prime factors of s(-8)?
2, 3
Let t = 4 + 0. Suppose -165 + 29 = -t*a. List the prime factors of a.
2, 17
Let p(m) = 8*m**2 + 7 - 5*m - m - m**3 + 0*m + 0*m. What are the prime factors of p(7)?
2, 7
Suppose 1050 = 11*w - 6*w. List the prime factors of w.
2, 3, 5, 7
Suppose -4*h + 1 = 9. What are the prime factors of -4 + 4 - h*1?
2
Let n(j) = -6*j + 2*j + 5*j. Let v be n(4). Suppose -5*y - a + 40 = v*a, -2*y + 31 = -3*a. List the prime factors of y.
11
Let v = 6 + 1. Suppose -4*t + v = -17. List the prime factors of t.
2, 3
Let g = 209 + -73. What are the prime factors of g?
2, 17
Let r = -177 + 330. What are the prime factors of r?
3, 17
Suppose -5*t + 272 = -b, 3*t = 7*t - 4*b - 208. What are the prime factors of t?
5, 11
Let z(m) = -3*m**2 - 5*m - 8. Let r(p) = 3*p**2 + 4*p + 7. Let a(w) = 6*r(w) + 5*z(w). List the prime factors of a(-2).
2
Let l(j) be the first derivative of -j**3/3 + 9*j**2/2 + 3*j - 2. List the prime factors of l(7).
17
Suppose 6*j - j = 345. List the prime factors of j.
3, 23
Let c(m) = 3*m - 7. Let g be c(11). Let w = 29 - g. What are the prime factors of w?
3
Let o(w) = w**2 - 10*w - 7. Let v be o(11). Suppose 10 + 30 = v*b. What are the prime factors of b?
2, 5
Let w(x) = 4*x**3 - 5*x**2 + 6*x - 5. Let o be w(3). Let d = -33 + o. List the prime factors of d.
43
What are the prime factors of (46/(-10))/(19/(-95))?
23
Let s(t) = -4*t**2 - 2*t + 2. Let w be s(-3). What are the prime factors of (-238)/w - (-2)/4?
3
What are the prime factors of (-543)/(-15) - (-2)/(-10)?
2, 3
Let d = 3 - 1. Suppose -5*z + 1 + 1 = 4*p, d*p + 2 = -4*z. Suppose p*u + 0*u = 51. List the prime factors of u.
17
Let o be (-3)/9 + 10/3. Let j be 34/o + (-2)/6. Let w = -8 + j. What are the prime factors of w?
3
List the prime factors of -2 + 3 + (24 - (-1 + -3)).
29
Suppose -3*z + y = -278, -3*z + 6*y - 2*y = -293. What are the prime factors of z?
7, 13
Suppose 0 = 4*g - 0*g - 392. Suppose 5*k = -u + 185, 2*k - 2*u = -k + g. Suppose k = 3*a + a. List the prime factors of a.
3
Suppose -4*j - 2*b = 3*b + 60, -2*j + 3*b - 30 = 0. Let i be (-6)/j*5/1. What are the prime factors of ((-3)/(-2))/(i/4)?
3
Suppose -4*w + 139 = m, -185 = -5*w - 5*m - 0*m. Suppose v + 27 = 5*n, -1 = 3*n + 5*v - w. List the prime factors of n.
2, 3
Let l = -3 + 6. Suppose -l*r - 2*r + 82 = -t, -18 = -r + t. What are the prime factors of r?
2
Let i(u) = -11*u**3 - 2*u - 1. List the prime factors of i(-1).
2, 3
Suppose -5 = 11*m - 12*m. Suppose 0 = 3*w + 2*n - 68, 0 = -m*w - 0*n + 3*n + 126. List the prime factors of w.
2, 3
Let s = -4 + 4. Suppose 21 = o + 2*v, -4*o + s*v - v = -49. Suppose 3*b - 4 = o. List the prime factors of b.
5
Let j be 7/2*2 + -1. Suppose 2*g = j*g + 5*b - 25, g - 5*b = 0. What are the prime factors of g?
5
What are the prime factors of (-4)/6*171/(-6)?
19
Let l be (-4)/(-10) - (-46)/10. Suppose -n - l = -3, 5*m = -2*n + 61. List the prime factors of m.
13
Suppose 2*j + 0*q - 2*q = 12, -2*j + 4*q + 20 = 0. Suppose j*w = -w. Let r(s) = -s**3 - s**2 + s + 6. What are the prime factors of r(w)?
2, 3
Suppose 0 = -5*f + 16 + 9. Suppose u + f*w - 2 = 8, -3*w = -3*u + 102. List the prime factors of u.
2, 3, 5
Let o(i) = -i + 6. Let m = 2 - 2. Suppose m*g - g = 5. What are the prime factors of o(g)?
11
Let c = -36 - -21. Suppose -3